3 + o**2 + 25*o + 241. Calculate y(2).
-14
Let s(y) be the third derivative of -y**6/360 + y**5/30 + y**4/8 + 9*y**3 + 33*y**2. Let j(w) be the first derivative of s(w). Calculate j(6).
-9
Let j(z) be the second derivative of z**4/12 - 5*z**3/3 - 4*z**2 + 223*z. Let w(x) = -45*x - 79. Let i be w(-2). What is j(i)?
3
Let m(k) = k**3 + 2*k**2 - 6*k - 5. Suppose 3*r + 4*d - 16 = -0*r, -3*d + 19 = 4*r. Suppose -5*o = -6*o - r. Determine m(o).
-13
Let m = -16 - -9. Let x(f) = f. Let a(s) = 22. Let c(d) = -d + 11. Let n(z) = 2*a(z) - 5*c(z). Let h(g) = n(g) - 6*x(g). What is h(m)?
-4
Suppose w = 3*p, -3*w + 6*p = p + 20. Let r = 9 + w. Let z(v) = v + 8. Let x be z(r). Let c(f) = f**2 - 3*f + 1. Determine c(x).
-1
Let u(a) = -2*a**2 - 5 - 12*a - 10*a**2 + 7*a**3 + 0 - 8*a**3 - 8. Let t be 0 + -12 - (-6)/(-6)*-1. Determine u(t).
-2
Let i(h) = 13*h**2 + 2*h. Let f(x) = 32*x**2 + 2*x - 1. Let g(q) = 4*f(q) - 7*i(q). Determine g(-1).
39
Let v(l) = -1686*l - 103 + 1702*l - 33 + 14. Give v(8).
6
Let o(l) = -49*l - l**3 - 56*l - 6 + 5 + 7*l**2 + 137*l - 42*l. Determine o(7).
-71
Let m = 513 - 506. Suppose m*h = -5 + 26. Let p(c) = -c**3 + 5*c**2 - c - 4. Determine p(h).
11
Let m(z) = -13 - 19*z**2 + 4*z + 33*z**2 - 13*z**2. Give m(-9).
32
Suppose o = -6*r - 108, -o + 2*r - 108 = r. Let h = 111 + o. Let y(a) = a**3 - 3*a**2 - 4*a - 1. Give y(h).
-13
Let a(h) = -h**2 + 7*h - 11. Let v = 4401 - 4395. Determine a(v).
-5
Let n = 244 - 242. Let h(d) = d**3 - 9*d**n + 20*d**2 - 8*d - 3 + 0*d**3 - 6*d**2. Determine h(-6).
9
Let x(z) = 4*z**3 + 9*z**2 - 8*z - 13. Let c be 13*(-5 - -4) + 6 + 4. Determine x(c).
-16
Let l(j) = -2*j**3 + 12. Let a be l(-3). Let z(n) = a + 70 + 68 + 3*n - 277 + 71. What is z(0)?
-2
Let v(z) = -21*z**3 - 15*z**2 - 39*z - 27. Let d(w) = -58*w**3 - 47*w**2 - 118*w - 78. Let a(s) = -4*d(s) + 11*v(s). What is a(-21)?
-6
Let i(j) = -5*j**2 - 10*j - 76. Let f(m) = -11*m**2 - 20*m - 168. Let g(q) = -4*f(q) + 9*i(q). Determine g(-5).
13
Let i(s) = 5*s**3 + 24*s**2 - 8*s + 5. Let o(v) = -9*v**3 - 45*v**2 + 15*v - 10. Let c(n) = -11*i(n) - 6*o(n). Calculate c(4).
29
Let g(l) = -l + 10. Let u(f) = 224 - 26*f + 2*f**2 - 62 - 72 - 42. Let t be u(11). Calculate g(t).
6
Let u(p) = p**2 - 5*p - 1. Suppose -2*s + 7*s - 478 = 3*l, -4*s + 381 = -l. Suppose -26*x = -7*x - s. What is u(x)?
-1
Suppose 2*n - f = -103, -2*n + 0*f - 3*f - 91 = 0. Let y be n/(-6) - 4/3. Let x(m) = 2*m - 7. Give x(y).
7
Let f(d) = -12*d. Let x(c) = 282*c + 16. Let a(j) = 22*f(j) + x(j). Give a(-6).
-92
Let t(u) be the second derivative of u**3/6 - u**2/2 + u - 1000. Suppose 4*v = 2*f - f + 14, -v = -4*f - 11. Let j = 3 - v. Calculate t(j).
-1
Let l(v) = v**3 + 4*v**2 - 4*v - 20. Let y(m) = -m**3 - 8*m**2 + 25*m + 194. Let t be y(-5). Give l(t).
-68
Let g(q) = -88*q + 26. Let k(b) = -51*b + 13. Let a(i) = -4*g(i) + 7*k(i). Calculate a(-2).
-3
Let d be (-9108)/(-540) + (-2 - (-64)/30). Suppose d - 1 = 8*z. Let a(v) = -v**2 + v - 3. Give a(z).
-5
Let k be (-2)/(12/381) + 5/10. Let j = -59 - k. Suppose 5*o - 15 = 4*o + j*a, -4*o - 40 = 4*a. Let u(g) = 2*g + 5. Determine u(o).
-5
Suppose -75*u + 80*u + 10 = 0. Let k(z) = -z**3. Let g(v) = 3*v**3 + v**2 - v + 19. Let b(w) = u*k(w) - g(w). Determine b(0).
-19
Suppose x - 8 = -3*x. Suppose h + 4*h = -t + 11, -3*h + 5 = -t. Let g(r) = -3*r**h - 1 + 4*r**2 + 125*r + 4*r**3 - 5*r**3 - 123*r. What is g(x)?
-1
Let y(h) = -h**3 + 17*h**2 - 2*h + 35. Suppose -3*i - 21 = -72. Calculate y(i).
1
Let g(y) be the first derivative of y**2/2 + 5*y - 638. Suppose -a + 3*a = 4. Suppose x + a - 7 = 0. Determine g(x).
10
Suppose 4*b - 5*t - 377 = 0, -4*t = -4*b + 285 + 87. Let v = 1405 + -1313. Let q = v - b. Let l(x) = -x**2 + 5*x - 1. Give l(q).
3
Let t(r) = -r**3 + 8*r**2 + 9*r. Let c(b) = b**3 + 42*b**2 + 24*b - 42. Let v be c(-41). Let q = 664 - v. Determine t(q).
0
Let d(v) = 2*v**3 + 2 - 8*v - 2*v**2 + 3*v - v**3. Let p = -25 - -17. Let k be 3/((-2)/p*3). Determine d(k).
14
Let r(p) = -p**3 + 2*p**2 - 2*p. Let t(o) be the first derivative of o**3/3 - 3*o**2 - 25*o + 54. Let s be t(9). What is r(s)?
-4
Let c(f) = -f**2 - 13*f + 13. Suppose 2*v = -19*v + 5*v - 112. Calculate c(v).
55
Let r = -3 + 8. Let t(i) be the second derivative of i**5/20 - i**4/2 + 2*i**3/3 + 9*i**2/2 - 66032*i. Determine t(r).
4
Let t = -10 - -1. Let i(k) = 1947*k - 16 + 1936*k + 1947*k - 5831*k. Give i(t).
-7
Suppose 15*h + 14 = 22*h. Suppose -t + 18 = m, -2*m + 16 = h*m. Let x(i) = 5*i - 15 + 4 + t. Determine x(-2).
-7
Let n(j) = -2*j**2 + 31*j - 16. Let q(z) = 1131*z + 1146. Let d be q(-1). Calculate n(d).
-1
Let v(j) = -7*j**3 + 12*j**2 - 11*j. Let n(k) = 6*k**3 - 11*k**2 + 10*k. Let s(y) = 6*n(y) + 5*v(y). Let x be 12/(-8) - (-19)/(114/45). Give s(x).
30
Let u = 48 - 53. Let z = u - -26. Let m = -17 + z. Let n(o) = -o**3 + 4*o**2 - 3*o - 1. Calculate n(m).
-13
Let f be 0 + 0 - (-10 - -10). Let r(m) = m**3 + 23*m**2 + 21*m + 46. Let a be r(-22). Let h(o) = -69*o**3 - 3 + a*o**3 + 2 - o. What is h(f)?
-1
Let w be -7*(-514)/(-8) - (-6)/8. Let d = -448 - w. Let n(q) = 26*q**2 + q - 1. Calculate n(d).
26
Let s = -12591 + 12589. Let u(p) = -p**2 - 2*p + 1. Give u(s).
1
Let d(u) = -u**3 + u**2 + 3. Let t(x) = 11 + 3*x**2 + 0*x - 13 - 3*x - 2*x**2. Let s be t(-1). Suppose 0 = -3*f - 2*f, i + s*f = 0. What is d(i)?
3
Let w(c) = 3*c - 59. Let a(o) = 11*o + 255. Let r be a(-21). Determine w(r).
13
Let o(m) be the first derivative of 33 + 1/3*m**3 + 15/2*m**2 + 17*m. Calculate o(-13).
-9
Let z(k) = -19*k + 2. Let c(v) = 88*v - 23. Let u(o) = -c(o) - 5*z(o). Determine u(-4).
-15
Let h be 8 + 9 - (-5 + 17). Let y(w) = 2*w**2 - 4*w - 3. Calculate y(h).
27
Let k(a) = -a**3 + 6*a**2 + 2*a - 10. Let y be k(6). Let w(r) = y*r**3 - 3*r**3 + 8 - 20 - r. Suppose -25*o = 21*o. What is w(o)?
-12
Let h(v) = -v**3 - 5*v**2 + 6*v + 4. Let n(c) = c**3 - c**2 - 2. Let w(r) = -h(r) - 2*n(r). Let d be w(2). Let u(b) = b**2 - 8*b - 2. Calculate u(d).
-2
Let t(u) = -4*u**3 - 5*u**2 + 13*u + 13. Let d(m) = -7*m**3 - 11*m**2 + 29*m + 26. Let b(l) = 3*d(l) - 5*t(l). Give b(-10).
-7
Let c(w) = -3*w. Suppose 0 = -4*f + m + 2, 4*f - 4*m + 7*m - 10 = 0. Let o(a) = 2*a**2 - 5*a + 5. Let z be o(f). Determine c(z).
-6
Let p(z) = 36*z + 4. Suppose 44*b = 55*b + 11. Determine p(b).
-32
Let b(p) = 723 - 427 - 405 - 16*p. Give b(-7).
3
Let a(z) = 70*z + 463 - 355 - z**2 - 67*z. Calculate a(12).
0
Let o = -3254 + 3259. Let k(p) be the third derivative of 0*p + 0 + 1/40*p**6 + 5*p**2 + 1/15*p**o + 1/6*p**3 + 1/8*p**4. What is k(-2)?
-13
Let c(f) = -f**3 + 10*f**2 - 9*f - 4. Let i be c(9). Let x be (-6 - 2)*(5 + 25/i). Suppose 18*t = x*t - 16. Let j(b) = 8*b + 1. What is j(t)?
-15
Let g = 2809 - 2822. Let n(a) = -a**2 - 9*a + 38. Give n(g).
-14
Let h(a) = -4*a**3 + 4*a**2 + 5*a + 1. Let j = -1040 + 1039. Calculate h(j).
4
Let a(h) = -h**2 + 5*h - 5. Suppose 96 = 2*n - 88. Suppose -3*r - 1 = n. Let m = r + 36. What is a(m)?
-5
Let r(t) = 20*t + 184. Let a be (-7 + 13)*(6/36)/(3/(-27)). Give r(a).
4
Let t(y) be the second derivative of y**4/6 + 4*y**3/3 - 23*y**2/2 - y - 12. Let f(i) be the first derivative of t(i). Calculate f(-7).
-20
Let w(q) = -5*q**2 - 3*q**2 + 6*q**2 - 7 + q**2 - 3*q. Suppose 2*v = -2*n, -2*v = 2*v + 20. Suppose 5*i = -35 + n. Calculate w(i).
-25
Let b(m) be the second derivative of -m**5/20 - m**4/4 + m**3/3 - m**2/2 + 3980*m. Determine b(-2).
-9
Let u(z) = -z**2 - z - 1. Let x(b) = b**3 - 9*b**2 - 8*b - 2. Let i be (-6)/18 - 20/(-6) - 1. Let o(f) = i*u(f) - x(f). Give o(8).
-16
Let a(h) = 13*h - 15. Let p(g) = 9 - 11*g + 0 + 10 - 7. Let q(t) = 5*a(t) + 6*p(t). Calculate q(7).
-10
Let c(r) = -2*r**2 + 15*r - 80. Let z(f) = 3*f**2 - 28*f + 147. Let s(i) = -11*c(i) - 6*z(i). Suppose 2*w - 5*p = 12, 3*w + 6 - 3 = -3*p. What is s(w)?
5
Let m be 3 - 1 - (-3 + 4). Let v(f) = -105*f**3 - 3 + 91*f**3 - 5 + 9. What is v(m)?
-13
Let q(o) = 2*o - 6. Let b = -51 + 53. Suppose -b*t + 20 - 6 = 0. Let h be q(t). Let c(s) = s**2 - 9*s. Give c(h).
-8
Let z(r) = 9*r**2 + 5*r + 6. Let m(y) = -y**2 - y - 1. Suppose d = -n - 6 + 2, 28 = -3*d + 5*n. Let g(f) = d*m(f) - z(f). Determine g(2).
-10
Let q(d) = -152*d - 5*d**2 - 5*d**2 - 95*d + 138*d + 8. Determine q(-11).
-3
Let q = 7115 - 7112. Let g(p) be the third deriv